{"id":83,"date":"2024-09-20T09:38:54","date_gmt":"2024-09-20T09:38:54","guid":{"rendered":"https:\/\/wptest.hmt-france.com\/?page_id=83"},"modified":"2024-09-20T13:49:00","modified_gmt":"2024-09-20T13:49:00","slug":"exosquelette-maintenance-bus-tram","status":"publish","type":"page","link":"https:\/\/wptest.hmt-france.com\/?page_id=83","title":{"rendered":"Exosquelette pour la maintenance des r\u00e9seaux de transport en commun"},"content":{"rendered":"\t\t<div data-elementor-type=\"wp-page\" data-elementor-id=\"83\" class=\"elementor elementor-83\">\n\t\t\t\t<div class=\"elementor-element elementor-element-b8718a3 e-flex e-con-boxed e-con e-parent\" data-id=\"b8718a3\" data-element_type=\"container\">\n\t\t\t\t\t<div class=\"e-con-inner\">\n\t\t\t\t<div class=\"elementor-element elementor-element-93d9b7e elementor-widget-divider--view-line elementor-widget elementor-widget-divider\" data-id=\"93d9b7e\" data-element_type=\"widget\" data-widget_type=\"divider.default\">\n\t\t\t\t<div class=\"elementor-widget-container\">\n\t\t\t\t\t\t\t<div class=\"elementor-divider\">\n\t\t\t<span class=\"elementor-divider-separator\">\n\t\t\t\t\t\t<\/span>\n\t\t<\/div>\n\t\t\t\t\t\t<\/div>\n\t\t\t\t<\/div>\n\t\t\t\t\t<\/div>\n\t\t\t\t<\/div>\n\t\t<div class=\"elementor-element elementor-element-2c18bd25 e-flex e-con-boxed e-con e-parent\" data-id=\"2c18bd25\" data-element_type=\"container\">\n\t\t\t\t\t<div class=\"e-con-inner\">\n\t\t\t\t<div class=\"elementor-element elementor-element-15ffc8ed elementor-widget elementor-widget-heading\" data-id=\"15ffc8ed\" data-element_type=\"widget\" data-widget_type=\"heading.default\">\n\t\t\t\t<div class=\"elementor-widget-container\">\n\t\t\t\t\t<h1 class=\"elementor-heading-title elementor-size-default\">Exosquelette pour la maintenance des r\u00e9seaux <br>de transport en commun<\/h1>\t\t\t\t<\/div>\n\t\t\t\t<\/div>\n\t\t\t\t<div class=\"elementor-element elementor-element-687a4cef elementor-widget-divider--view-line elementor-widget elementor-widget-divider\" data-id=\"687a4cef\" data-element_type=\"widget\" data-widget_type=\"divider.default\">\n\t\t\t\t<div class=\"elementor-widget-container\">\n\t\t\t\t\t\t\t<div class=\"elementor-divider\">\n\t\t\t<span class=\"elementor-divider-separator\">\n\t\t\t\t\t\t<\/span>\n\t\t<\/div>\n\t\t\t\t\t\t<\/div>\n\t\t\t\t<\/div>\n\t\t\t\t\t<\/div>\n\t\t\t\t<\/div>\n\t\t<div class=\"elementor-element elementor-element-303c4a73 e-flex e-con-boxed e-con e-parent\" data-id=\"303c4a73\" data-element_type=\"container\">\n\t\t\t\t\t<div class=\"e-con-inner\">\n\t\t\t\t<div class=\"elementor-element elementor-element-6a28442b elementor-widget elementor-widget-heading\" data-id=\"6a28442b\" data-element_type=\"widget\" data-widget_type=\"heading.default\">\n\t\t\t\t<div class=\"elementor-widget-container\">\n\t\t\t\t\t<h2 class=\"elementor-heading-title elementor-size-default\">Une solution concr\u00e8te pour am\u00e9liorer vos conditions de travail !<\/h2>\t\t\t\t<\/div>\n\t\t\t\t<\/div>\n\t\t\t\t\t<\/div>\n\t\t\t\t<\/div>\n\t\t<div class=\"elementor-element elementor-element-446a2bc e-flex e-con-boxed e-con e-parent\" data-id=\"446a2bc\" data-element_type=\"container\">\n\t\t\t\t\t<div class=\"e-con-inner\">\n\t\t\t\t<div class=\"elementor-element elementor-element-61ba25e6 elementor-widget elementor-widget-video\" data-id=\"61ba25e6\" data-element_type=\"widget\" data-settings=\"{&quot;youtube_url&quot;:&quot;https:\\\/\\\/www.youtube.com\\\/watch?v=KwErVuZv6AQ&quot;,&quot;video_type&quot;:&quot;youtube&quot;,&quot;controls&quot;:&quot;yes&quot;}\" data-widget_type=\"video.default\">\n\t\t\t\t<div class=\"elementor-widget-container\">\n\t\t\t\t\t\t\t<div class=\"elementor-wrapper elementor-open-inline\">\n\t\t\t<div class=\"elementor-video\"><\/div>\t\t<\/div>\n\t\t\t\t\t\t<\/div>\n\t\t\t\t<\/div>\n\t\t\t\t\t<\/div>\n\t\t\t\t<\/div>\n\t\t<div class=\"elementor-element elementor-element-629a9016 e-flex e-con-boxed e-con e-parent\" data-id=\"629a9016\" data-element_type=\"container\">\n\t\t\t\t\t<div class=\"e-con-inner\">\n\t\t\t\t<div class=\"elementor-element elementor-element-688b78bf elementor-widget elementor-widget-spacer\" data-id=\"688b78bf\" data-element_type=\"widget\" data-widget_type=\"spacer.default\">\n\t\t\t\t<div class=\"elementor-widget-container\">\n\t\t\t\t\t\t\t<div class=\"elementor-spacer\">\n\t\t\t<div class=\"elementor-spacer-inner\"><\/div>\n\t\t<\/div>\n\t\t\t\t\t\t<\/div>\n\t\t\t\t<\/div>\n\t\t\t\t<div class=\"elementor-element elementor-element-4fa355bb elementor-widget elementor-widget-heading\" data-id=\"4fa355bb\" data-element_type=\"widget\" data-widget_type=\"heading.default\">\n\t\t\t\t<div class=\"elementor-widget-container\">\n\t\t\t\t\t<h3 class=\"elementor-heading-title elementor-size-default\">D\u00e9j\u00e0 int\u00e9gr\u00e9 chez les plus grands groupes fran\u00e7ais :<\/h3>\t\t\t\t<\/div>\n\t\t\t\t<\/div>\n\t\t\t\t\t<\/div>\n\t\t\t\t<\/div>\n\t\t<div class=\"elementor-element elementor-element-49478ec4 e-flex e-con-boxed e-con e-parent\" data-id=\"49478ec4\" data-element_type=\"container\">\n\t\t\t\t\t<div class=\"e-con-inner\">\n\t\t\t\t<div class=\"elementor-element elementor-element-2e6722e5 elementor-widget elementor-widget-image-carousel\" data-id=\"2e6722e5\" data-element_type=\"widget\" data-settings=\"{&quot;navigation&quot;:&quot;none&quot;,&quot;autoplay&quot;:&quot;yes&quot;,&quot;pause_on_hover&quot;:&quot;yes&quot;,&quot;pause_on_interaction&quot;:&quot;yes&quot;,&quot;autoplay_speed&quot;:5000,&quot;infinite&quot;:&quot;yes&quot;,&quot;speed&quot;:500}\" data-widget_type=\"image-carousel.default\">\n\t\t\t\t<div class=\"elementor-widget-container\">\n\t\t\t\t\t\t\t<div class=\"elementor-image-carousel-wrapper swiper\" role=\"region\" aria-roledescription=\"carousel\" aria-label=\"Carrousel d\u2019images\" dir=\"ltr\">\n\t\t\t<div class=\"elementor-image-carousel swiper-wrapper\" aria-live=\"off\">\n\t\t\t\t\t\t\t\t<div class=\"swiper-slide\" role=\"group\" aria-roledescription=\"slide\" aria-label=\"1 sur 3\"><figure class=\"swiper-slide-inner\"><img decoding=\"async\" class=\"swiper-slide-image\" src=\"https:\/\/wptest.hmt-france.com\/wp-content\/uploads\/2024\/09\/Keolis-150x150.png\" alt=\"Keolis\" \/><\/figure><\/div><div class=\"swiper-slide\" role=\"group\" aria-roledescription=\"slide\" aria-label=\"2 sur 3\"><figure class=\"swiper-slide-inner\"><img decoding=\"async\" class=\"swiper-slide-image\" src=\"https:\/\/wptest.hmt-france.com\/wp-content\/uploads\/2024\/09\/RATP-1-150x150.png\" alt=\"RATP\" \/><\/figure><\/div><div class=\"swiper-slide\" role=\"group\" aria-roledescription=\"slide\" aria-label=\"3 sur 3\"><figure class=\"swiper-slide-inner\"><img decoding=\"async\" class=\"swiper-slide-image\" src=\"https:\/\/wptest.hmt-france.com\/wp-content\/uploads\/2024\/09\/SNCF-150x150.png\" alt=\"SNCF\" \/><\/figure><\/div>\t\t\t<\/div>\n\t\t\t\t\t\t\t\n\t\t\t\t\t\t\t\t\t<\/div>\n\t\t\t\t\t\t<\/div>\n\t\t\t\t<\/div>\n\t\t\t\t<div class=\"elementor-element elementor-element-d0294c5 elementor-widget-divider--view-line elementor-widget elementor-widget-divider\" data-id=\"d0294c5\" data-element_type=\"widget\" data-widget_type=\"divider.default\">\n\t\t\t\t<div class=\"elementor-widget-container\">\n\t\t\t\t\t\t\t<div class=\"elementor-divider\">\n\t\t\t<span class=\"elementor-divider-separator\">\n\t\t\t\t\t\t<\/span>\n\t\t<\/div>\n\t\t\t\t\t\t<\/div>\n\t\t\t\t<\/div>\n\t\t\t\t<div class=\"elementor-element elementor-element-4da65697 elementor-widget elementor-widget-heading\" data-id=\"4da65697\" data-element_type=\"widget\" data-widget_type=\"heading.default\">\n\t\t\t\t<div class=\"elementor-widget-container\">\n\t\t\t\t\t<h2 class=\"elementor-heading-title elementor-size-default\">Les b\u00e9n\u00e9fices de l'exosquelette pour les agents <br>de maintenance de bus, train et tramway<\/h2>\t\t\t\t<\/div>\n\t\t\t\t<\/div>\n\t\t\t\t\t<\/div>\n\t\t\t\t<\/div>\n\t\t<div class=\"elementor-element elementor-element-4dd73a31 e-flex e-con-boxed e-con e-parent\" data-id=\"4dd73a31\" data-element_type=\"container\">\n\t\t\t\t\t<div class=\"e-con-inner\">\n\t\t\t\t<div class=\"elementor-element elementor-element-f497c23 elementor-widget elementor-widget-image\" data-id=\"f497c23\" data-element_type=\"widget\" data-widget_type=\"image.default\">\n\t\t\t\t<div class=\"elementor-widget-container\">\n\t\t\t\t\t\t\t\t\t\t\t\t\t\t\t<img fetchpriority=\"high\" decoding=\"async\" width=\"1024\" height=\"576\" src=\"https:\/\/wptest.hmt-france.com\/wp-content\/uploads\/2024\/09\/LP-Maintenance-bus-tram-1024x576.png\" class=\"attachment-large size-large wp-image-86\" alt=\"\" srcset=\"https:\/\/wptest.hmt-france.com\/wp-content\/uploads\/2024\/09\/LP-Maintenance-bus-tram-1024x576.png 1024w, https:\/\/wptest.hmt-france.com\/wp-content\/uploads\/2024\/09\/LP-Maintenance-bus-tram-300x169.png 300w, https:\/\/wptest.hmt-france.com\/wp-content\/uploads\/2024\/09\/LP-Maintenance-bus-tram-768x432.png 768w, https:\/\/wptest.hmt-france.com\/wp-content\/uploads\/2024\/09\/LP-Maintenance-bus-tram.png 1366w\" sizes=\"(max-width: 1024px) 100vw, 1024px\" \/>\t\t\t\t\t\t\t\t\t\t\t\t\t\t\t<\/div>\n\t\t\t\t<\/div>\n\t\t\t\t\t<\/div>\n\t\t\t\t<\/div>\n\t\t<div class=\"elementor-element elementor-element-213a390 e-flex e-con-boxed e-con e-parent\" data-id=\"213a390\" data-element_type=\"container\">\n\t\t\t\t\t<div class=\"e-con-inner\">\n\t\t\t\t<div class=\"elementor-element elementor-element-5275dcb elementor-widget elementor-widget-image\" data-id=\"5275dcb\" data-element_type=\"widget\" data-widget_type=\"image.default\">\n\t\t\t\t<div class=\"elementor-widget-container\">\n\t\t\t\t\t\t\t\t\t\t\t\t\t\t\t<img decoding=\"async\" width=\"1024\" height=\"576\" src=\"https:\/\/wptest.hmt-france.com\/wp-content\/uploads\/2024\/09\/LP-Maintenance-bus-tram-2-1024x576.png\" class=\"attachment-large size-large wp-image-138\" alt=\"\" srcset=\"https:\/\/wptest.hmt-france.com\/wp-content\/uploads\/2024\/09\/LP-Maintenance-bus-tram-2-1024x576.png 1024w, https:\/\/wptest.hmt-france.com\/wp-content\/uploads\/2024\/09\/LP-Maintenance-bus-tram-2-300x169.png 300w, https:\/\/wptest.hmt-france.com\/wp-content\/uploads\/2024\/09\/LP-Maintenance-bus-tram-2-768x432.png 768w, https:\/\/wptest.hmt-france.com\/wp-content\/uploads\/2024\/09\/LP-Maintenance-bus-tram-2.png 1366w\" sizes=\"(max-width: 1024px) 100vw, 1024px\" \/>\t\t\t\t\t\t\t\t\t\t\t\t\t\t\t<\/div>\n\t\t\t\t<\/div>\n\t\t\t\t\t<\/div>\n\t\t\t\t<\/div>\n\t\t<div class=\"elementor-element elementor-element-4faa3972 e-flex e-con-boxed e-con e-parent\" data-id=\"4faa3972\" data-element_type=\"container\">\n\t\t\t\t\t<div class=\"e-con-inner\">\n\t\t\t\t<div class=\"elementor-element elementor-element-e2108df elementor-widget-divider--view-line elementor-widget elementor-widget-divider\" data-id=\"e2108df\" data-element_type=\"widget\" data-widget_type=\"divider.default\">\n\t\t\t\t<div class=\"elementor-widget-container\">\n\t\t\t\t\t\t\t<div class=\"elementor-divider\">\n\t\t\t<span class=\"elementor-divider-separator\">\n\t\t\t\t\t\t<\/span>\n\t\t<\/div>\n\t\t\t\t\t\t<\/div>\n\t\t\t\t<\/div>\n\t\t\t\t<div class=\"elementor-element elementor-element-7a5dd25e elementor-widget elementor-widget-heading\" data-id=\"7a5dd25e\" data-element_type=\"widget\" data-widget_type=\"heading.default\">\n\t\t\t\t<div class=\"elementor-widget-container\">\n\t\t\t\t\t<h2 class=\"elementor-heading-title elementor-size-default\">FAQ<\/h2>\t\t\t\t<\/div>\n\t\t\t\t<\/div>\n\t\t\t\t<div class=\"elementor-element elementor-element-7c9c4701 elementor-widget elementor-widget-text-editor\" data-id=\"7c9c4701\" data-element_type=\"widget\" data-widget_type=\"text-editor.default\">\n\t\t\t\t<div class=\"elementor-widget-container\">\n\t\t\t\t\t\t\t\t\t<p><b><span style=\"white-space-collapse: preserve;\">\u25b6\ufe0f Quel est le principe d\u2019un exosquelette ?<\/span><\/b><\/p><p><span style=\"white-space-collapse: preserve;\">Cette technologie est officiellement appel\u00e9e Dispositif ou Robot d\u2019Assistance Physique (DAP ou RAP). Elle est con\u00e7ue pour \u00eatre port\u00e9e par des personnes afin de les soulager physiquement.<br \/>&#8211; L&rsquo;exosquelette passif (DAP), offre une assistance exclusivement m\u00e9canique. Il r\u00e9duit donc la charge sur les muscles et les articulations. On dit que c\u2019est le mouvement qui cr\u00e9e l\u2019assistance. Ainsi, le dispositif soulage les parties du corps sollicit\u00e9es. L&rsquo;exosquelette passif contribue \u00e0 pr\u00e9venir les TMS et \u00e0 am\u00e9liorer le confort des travailleurs.<br \/>&#8211; L&rsquo;exosquelette actif (RAP) int\u00e8gre des syst\u00e8mes motoris\u00e9s. Il assiste donc activement les mouvements de l\u2019utilisateur. Il est id\u00e9al pour des t\u00e2ches exigeant des efforts plus polyvalents.\u00a0L&rsquo;exosquelette actif offre un soutien personnalis\u00e9 dans des environnements de travail vari\u00e9s.<\/span><b><\/b><\/p><p>\u00a0<\/p><p><b><span style=\"white-space-collapse: preserve;\">\u25b6\ufe0f Quel est le prix d\u2019un exosquelette ?<\/span><span style=\"white-space-collapse: preserve;\"><br \/><\/span><\/b><\/p><p><span style=\"white-space-collapse: preserve;\">Tout d\u00e9pend de la famille et du type d\u2019exosquelette !\u00a0 Il existe de nombreux facteurs qui influencent le tarif.\u00a0 Cela peut aller de quelques centaines \u00e0 plusieurs milliers d\u2019euros selon le mod\u00e8le. <\/span><b><span style=\"white-space-collapse: preserve;\"><br \/><\/span><\/b><\/p><p><span style=\"white-space-collapse: preserve;\">\u00a0<\/span><\/p><p><b><span style=\"white-space-collapse: preserve;\">\u25b6\ufe0f Est-ce que l\u2019exosquelette est rembours\u00e9 par la S\u00e9curit\u00e9 sociale ?<\/span><\/b><span style=\"white-space-collapse: preserve;\"><br \/><\/span><\/p><p><span style=\"white-space-collapse: preserve;\">Malheureusement l\u2019exosquelette n\u2019est pas rembours\u00e9 par la S\u00e9curit\u00e9 sociale. Toutefois, il existe des cas sp\u00e9cifiques qui permettent d\u2019obtenir. \u00c0 noter, que celui-ci est g\u00e9n\u00e9ralement partiel.<br \/>Par exemple, lorsqu\u2019un salari\u00e9 poss\u00e8de une reconnaissance de travailleur handicap\u00e9. Alors, l\u2019exosquelette peut \u00eatre financ\u00e9 en partie par l\u2019Agefiph.<br \/>Le FIPU permet \u00e9galement d\u2019obtenir un financement, sous r\u00e9serve d\u2019une recommandation de la m\u00e9decine du travail.<br \/>Pour connaitre le d\u00e9tail des financements, nos \u00e9quipes vous accompagnent !\u00a0\u00a0<\/span><\/p>\t\t\t\t\t\t\t\t<\/div>\n\t\t\t\t<\/div>\n\t\t\t\t\t<\/div>\n\t\t\t\t<\/div>\n\t\t<div class=\"elementor-element elementor-element-41a1505 e-flex e-con-boxed e-con e-parent\" data-id=\"41a1505\" data-element_type=\"container\">\n\t\t\t\t\t<div class=\"e-con-inner\">\n\t\t\t\t<div class=\"elementor-element elementor-element-1ecff08d elementor-widget-divider--view-line elementor-widget elementor-widget-divider\" data-id=\"1ecff08d\" data-element_type=\"widget\" data-widget_type=\"divider.default\">\n\t\t\t\t<div class=\"elementor-widget-container\">\n\t\t\t\t\t\t\t<div class=\"elementor-divider\">\n\t\t\t<span class=\"elementor-divider-separator\">\n\t\t\t\t\t\t<\/span>\n\t\t<\/div>\n\t\t\t\t\t\t<\/div>\n\t\t\t\t<\/div>\n\t\t\t\t<div class=\"elementor-element elementor-element-2102cfaa elementor-align-center elementor-widget elementor-widget-button\" data-id=\"2102cfaa\" data-element_type=\"widget\" data-widget_type=\"button.default\">\n\t\t\t\t<div class=\"elementor-widget-container\">\n\t\t\t\t\t\t\t\t\t<div class=\"elementor-button-wrapper\">\n\t\t\t\t\t<a class=\"elementor-button elementor-button-link elementor-size-sm\" href=\"#\">\n\t\t\t\t\t\t<span class=\"elementor-button-content-wrapper\">\n\t\t\t\t\t\t<span class=\"elementor-button-icon\">\n\t\t\t\t<svg aria-hidden=\"true\" class=\"e-font-icon-svg e-far-comment-dots\" viewBox=\"0 0 512 512\" xmlns=\"http:\/\/www.w3.org\/2000\/svg\"><path d=\"M144 208c-17.7 0-32 14.3-32 32s14.3 32 32 32 32-14.3 32-32-14.3-32-32-32zm112 0c-17.7 0-32 14.3-32 32s14.3 32 32 32 32-14.3 32-32-14.3-32-32-32zm112 0c-17.7 0-32 14.3-32 32s14.3 32 32 32 32-14.3 32-32-14.3-32-32-32zM256 32C114.6 32 0 125.1 0 240c0 47.6 19.9 91.2 52.9 126.3C38 405.7 7 439.1 6.5 439.5c-6.6 7-8.4 17.2-4.6 26S14.4 480 24 480c61.5 0 110-25.7 139.1-46.3C192 442.8 223.2 448 256 448c141.4 0 256-93.1 256-208S397.4 32 256 32zm0 368c-26.7 0-53.1-4.1-78.4-12.1l-22.7-7.2-19.5 13.8c-14.3 10.1-33.9 21.4-57.5 29 7.3-12.1 14.4-25.7 19.9-40.2l10.6-28.1-20.6-21.8C69.7 314.1 48 282.2 48 240c0-88.2 93.3-160 208-160s208 71.8 208 160-93.3 160-208 160z\"><\/path><\/svg>\t\t\t<\/span>\n\t\t\t\t\t\t\t\t\t<span class=\"elementor-button-text\">J'\u00e9change avec un expert<\/span>\n\t\t\t\t\t<\/span>\n\t\t\t\t\t<\/a>\n\t\t\t\t<\/div>\n\t\t\t\t\t\t\t\t<\/div>\n\t\t\t\t<\/div>\n\t\t\t\t\t<\/div>\n\t\t\t\t<\/div>\n\t\t<div class=\"elementor-element elementor-element-ade4421 e-flex e-con-boxed e-con e-parent\" data-id=\"ade4421\" data-element_type=\"container\">\n\t\t\t\t\t<div class=\"e-con-inner\">\n\t\t\t\t<div class=\"elementor-element elementor-element-20cfe62 elementor-widget-divider--view-line elementor-widget elementor-widget-divider\" data-id=\"20cfe62\" data-element_type=\"widget\" data-widget_type=\"divider.default\">\n\t\t\t\t<div class=\"elementor-widget-container\">\n\t\t\t\t\t\t\t<div class=\"elementor-divider\">\n\t\t\t<span class=\"elementor-divider-separator\">\n\t\t\t\t\t\t<\/span>\n\t\t<\/div>\n\t\t\t\t\t\t<\/div>\n\t\t\t\t<\/div>\n\t\t\t\t\t<\/div>\n\t\t\t\t<\/div>\n\t\t\t\t<\/div>\n\t\t","protected":false},"excerpt":{"rendered":"<p>Exosquelette pour la maintenance des r\u00e9seaux de transport en commun Une solution concr\u00e8te pour am\u00e9liorer vos conditions de travail ! D\u00e9j\u00e0 int\u00e9gr\u00e9 chez les plus grands groupes fran\u00e7ais : Les b\u00e9n\u00e9fices de l&rsquo;exosquelette pour les agents de maintenance de bus, train et tramway FAQ \u25b6\ufe0f Quel est le principe d\u2019un exosquelette ? Cette technologie est&#8230;<\/p>\n","protected":false},"author":1,"featured_media":0,"parent":0,"menu_order":0,"comment_status":"closed","ping_status":"closed","template":"elementor_theme","meta":{"_kad_post_transparent":"disable","_kad_post_title":"hide","_kad_post_layout":"fullwidth","_kad_post_sidebar_id":"","_kad_post_content_style":"unboxed","_kad_post_vertical_padding":"hide","_kad_post_feature":"hide","_kad_post_feature_position":"","_kad_post_header":true,"_kad_post_footer":true,"footnotes":""},"class_list":["post-83","page","type-page","status-publish","hentry"],"yoast_head":"<!-- This site is optimized with the Yoast SEO plugin v24.6 - https:\/\/yoast.com\/wordpress\/plugins\/seo\/ -->\n<title>Exosquelette pour la maintenance des r\u00e9seaux de transport en commun - HMT France<\/title>\n<meta name=\"robots\" content=\"index, follow, max-snippet:-1, max-image-preview:large, max-video-preview:-1\" \/>\n<link rel=\"canonical\" href=\"https:\/\/wptest.hmt-france.com\/?page_id=83\" \/>\n<meta property=\"og:locale\" content=\"fr_FR\" \/>\n<meta property=\"og:type\" content=\"article\" \/>\n<meta property=\"og:title\" content=\"Exosquelette pour la maintenance des r\u00e9seaux de transport en commun - HMT France\" \/>\n<meta property=\"og:description\" content=\"Exosquelette pour la maintenance des r\u00e9seaux de transport en commun Une solution concr\u00e8te pour am\u00e9liorer vos conditions de travail ! D\u00e9j\u00e0 int\u00e9gr\u00e9 chez les plus grands groupes fran\u00e7ais : Les b\u00e9n\u00e9fices de l&rsquo;exosquelette pour les agents de maintenance de bus, train et tramway FAQ \u25b6\ufe0f Quel est le principe d\u2019un exosquelette ? Cette technologie est...\" \/>\n<meta property=\"og:url\" content=\"https:\/\/wptest.hmt-france.com\/?page_id=83\" \/>\n<meta property=\"og:site_name\" content=\"HMT France\" \/>\n<meta property=\"article:modified_time\" content=\"2024-09-20T13:49:00+00:00\" \/>\n<meta property=\"og:image\" content=\"https:\/\/wptest.hmt-france.com\/wp-content\/uploads\/2024\/09\/Keolis-150x150.png\" \/>\n<meta name=\"twitter:card\" content=\"summary_large_image\" \/>\n<meta name=\"twitter:label1\" content=\"Dur\u00e9e de lecture estim\u00e9e\" \/>\n\t<meta name=\"twitter:data1\" content=\"4 minutes\" \/>\n<script type=\"application\/ld+json\" class=\"yoast-schema-graph\">{\"@context\":\"https:\/\/schema.org\",\"@graph\":[{\"@type\":\"WebPage\",\"@id\":\"https:\/\/wptest.hmt-france.com\/?page_id=83\",\"url\":\"https:\/\/wptest.hmt-france.com\/?page_id=83\",\"name\":\"Exosquelette pour la maintenance des r\u00e9seaux de transport en commun - HMT France\",\"isPartOf\":{\"@id\":\"https:\/\/wptest.hmt-france.com\/#website\"},\"primaryImageOfPage\":{\"@id\":\"https:\/\/wptest.hmt-france.com\/?page_id=83#primaryimage\"},\"image\":{\"@id\":\"https:\/\/wptest.hmt-france.com\/?page_id=83#primaryimage\"},\"thumbnailUrl\":\"https:\/\/wptest.hmt-france.com\/wp-content\/uploads\/2024\/09\/Keolis-150x150.png\",\"datePublished\":\"2024-09-20T09:38:54+00:00\",\"dateModified\":\"2024-09-20T13:49:00+00:00\",\"breadcrumb\":{\"@id\":\"https:\/\/wptest.hmt-france.com\/?page_id=83#breadcrumb\"},\"inLanguage\":\"fr-FR\",\"potentialAction\":[{\"@type\":\"ReadAction\",\"target\":[\"https:\/\/wptest.hmt-france.com\/?page_id=83\"]}]},{\"@type\":\"ImageObject\",\"inLanguage\":\"fr-FR\",\"@id\":\"https:\/\/wptest.hmt-france.com\/?page_id=83#primaryimage\",\"url\":\"https:\/\/wptest.hmt-france.com\/wp-content\/uploads\/2024\/09\/Keolis.png\",\"contentUrl\":\"https:\/\/wptest.hmt-france.com\/wp-content\/uploads\/2024\/09\/Keolis.png\",\"width\":154,\"height\":154},{\"@type\":\"BreadcrumbList\",\"@id\":\"https:\/\/wptest.hmt-france.com\/?page_id=83#breadcrumb\",\"itemListElement\":[{\"@type\":\"ListItem\",\"position\":1,\"name\":\"Accueil\",\"item\":\"https:\/\/wptest.hmt-france.com\/\"},{\"@type\":\"ListItem\",\"position\":2,\"name\":\"Exosquelette pour la maintenance des r\u00e9seaux de transport en commun\"}]},{\"@type\":\"WebSite\",\"@id\":\"https:\/\/wptest.hmt-france.com\/#website\",\"url\":\"https:\/\/wptest.hmt-france.com\/\",\"name\":\"HMT France\",\"description\":\"\",\"potentialAction\":[{\"@type\":\"SearchAction\",\"target\":{\"@type\":\"EntryPoint\",\"urlTemplate\":\"https:\/\/wptest.hmt-france.com\/?s={search_term_string}\"},\"query-input\":{\"@type\":\"PropertyValueSpecification\",\"valueRequired\":true,\"valueName\":\"search_term_string\"}}],\"inLanguage\":\"fr-FR\"}]}<\/script>\n<!-- \/ Yoast SEO plugin. -->","yoast_head_json":{"title":"Exosquelette pour la maintenance des r\u00e9seaux de transport en commun - HMT France","robots":{"index":"index","follow":"follow","max-snippet":"max-snippet:-1","max-image-preview":"max-image-preview:large","max-video-preview":"max-video-preview:-1"},"canonical":"https:\/\/wptest.hmt-france.com\/?page_id=83","og_locale":"fr_FR","og_type":"article","og_title":"Exosquelette pour la maintenance des r\u00e9seaux de transport en commun - HMT France","og_description":"Exosquelette pour la maintenance des r\u00e9seaux de transport en commun Une solution concr\u00e8te pour am\u00e9liorer vos conditions de travail ! D\u00e9j\u00e0 int\u00e9gr\u00e9 chez les plus grands groupes fran\u00e7ais : Les b\u00e9n\u00e9fices de l&rsquo;exosquelette pour les agents de maintenance de bus, train et tramway FAQ \u25b6\ufe0f Quel est le principe d\u2019un exosquelette ? Cette technologie est...","og_url":"https:\/\/wptest.hmt-france.com\/?page_id=83","og_site_name":"HMT France","article_modified_time":"2024-09-20T13:49:00+00:00","og_image":[{"url":"https:\/\/wptest.hmt-france.com\/wp-content\/uploads\/2024\/09\/Keolis-150x150.png","type":"","width":"","height":""}],"twitter_card":"summary_large_image","twitter_misc":{"Dur\u00e9e de lecture estim\u00e9e":"4 minutes"},"schema":{"@context":"https:\/\/schema.org","@graph":[{"@type":"WebPage","@id":"https:\/\/wptest.hmt-france.com\/?page_id=83","url":"https:\/\/wptest.hmt-france.com\/?page_id=83","name":"Exosquelette pour la maintenance des r\u00e9seaux de transport en commun - HMT France","isPartOf":{"@id":"https:\/\/wptest.hmt-france.com\/#website"},"primaryImageOfPage":{"@id":"https:\/\/wptest.hmt-france.com\/?page_id=83#primaryimage"},"image":{"@id":"https:\/\/wptest.hmt-france.com\/?page_id=83#primaryimage"},"thumbnailUrl":"https:\/\/wptest.hmt-france.com\/wp-content\/uploads\/2024\/09\/Keolis-150x150.png","datePublished":"2024-09-20T09:38:54+00:00","dateModified":"2024-09-20T13:49:00+00:00","breadcrumb":{"@id":"https:\/\/wptest.hmt-france.com\/?page_id=83#breadcrumb"},"inLanguage":"fr-FR","potentialAction":[{"@type":"ReadAction","target":["https:\/\/wptest.hmt-france.com\/?page_id=83"]}]},{"@type":"ImageObject","inLanguage":"fr-FR","@id":"https:\/\/wptest.hmt-france.com\/?page_id=83#primaryimage","url":"https:\/\/wptest.hmt-france.com\/wp-content\/uploads\/2024\/09\/Keolis.png","contentUrl":"https:\/\/wptest.hmt-france.com\/wp-content\/uploads\/2024\/09\/Keolis.png","width":154,"height":154},{"@type":"BreadcrumbList","@id":"https:\/\/wptest.hmt-france.com\/?page_id=83#breadcrumb","itemListElement":[{"@type":"ListItem","position":1,"name":"Accueil","item":"https:\/\/wptest.hmt-france.com\/"},{"@type":"ListItem","position":2,"name":"Exosquelette pour la maintenance des r\u00e9seaux de transport en commun"}]},{"@type":"WebSite","@id":"https:\/\/wptest.hmt-france.com\/#website","url":"https:\/\/wptest.hmt-france.com\/","name":"HMT France","description":"","potentialAction":[{"@type":"SearchAction","target":{"@type":"EntryPoint","urlTemplate":"https:\/\/wptest.hmt-france.com\/?s={search_term_string}"},"query-input":{"@type":"PropertyValueSpecification","valueRequired":true,"valueName":"search_term_string"}}],"inLanguage":"fr-FR"}]}},"_links":{"self":[{"href":"https:\/\/wptest.hmt-france.com\/index.php?rest_route=\/wp\/v2\/pages\/83","targetHints":{"allow":["GET"]}}],"collection":[{"href":"https:\/\/wptest.hmt-france.com\/index.php?rest_route=\/wp\/v2\/pages"}],"about":[{"href":"https:\/\/wptest.hmt-france.com\/index.php?rest_route=\/wp\/v2\/types\/page"}],"author":[{"embeddable":true,"href":"https:\/\/wptest.hmt-france.com\/index.php?rest_route=\/wp\/v2\/users\/1"}],"replies":[{"embeddable":true,"href":"https:\/\/wptest.hmt-france.com\/index.php?rest_route=%2Fwp%2Fv2%2Fcomments&post=83"}],"version-history":[{"count":60,"href":"https:\/\/wptest.hmt-france.com\/index.php?rest_route=\/wp\/v2\/pages\/83\/revisions"}],"predecessor-version":[{"id":165,"href":"https:\/\/wptest.hmt-france.com\/index.php?rest_route=\/wp\/v2\/pages\/83\/revisions\/165"}],"wp:attachment":[{"href":"https:\/\/wptest.hmt-france.com\/index.php?rest_route=%2Fwp%2Fv2%2Fmedia&parent=83"}],"curies":[{"name":"wp","href":"https:\/\/api.w.org\/{rel}","templated":true}]}}